 multiple of 17?
False
Is 6064 a factor of 1132913300?
False
Is 98 a factor of 312484270?
True
Is 24608192 a multiple of 64?
True
Does 1752 divide 143807787?
False
Is 132 a factor of 162787309?
False
Does 6601 divide 2339343118?
False
Does 32 divide 2578370432?
True
Is 3 a factor of 133630677?
True
Is 278663372 a multiple of 732?
False
Is 3398 a factor of 340656864?
False
Does 5 divide 753466?
False
Does 25 divide 57331650?
True
Is 16 a factor of 1125010258?
False
Is 31375150 a multiple of 80?
False
Is 26 a factor of 29350665?
False
Is 8 a factor of 419522601?
False
Is 11 a factor of 34150318?
False
Is 1720 a factor of 1146182125?
False
Does 119 divide 15344713?
False
Does 48 divide 82835184?
True
Is 1744204178 a multiple of 439?
False
Does 1805 divide 1376278205?
True
Is 254169326 a multiple of 111?
False
Is 136390989 a multiple of 23?
True
Is 4 a factor of 85468187?
False
Is 17 a factor of 55813618?
True
Is 30 a factor of 80517480?
True
Is 462651313 a multiple of 485?
False
Does 58 divide 1361866796?
True
Does 368 divide 48784656?
True
Is 64919902 a multiple of 509?
False
Is 120905293 a multiple of 32?
False
Is 470395794 a multiple of 1097?
True
Is 272 a factor of 496683152?
True
Does 1055 divide 23084545?
False
Is 64 a factor of 289055040?
True
Is 966663125 a multiple of 625?
True
Is 1598786251 a multiple of 2891?
False
Is 1442623648 a multiple of 16?
True
Is 9 a factor of 95613109?
False
Is 7 a factor of 1389678808?
True
Is 32 a factor of 1361565353?
False
Does 1747 divide 562072792?
True
Is 653 a factor of 108611975?
False
Is 17002506 a multiple of 842?
True
Is 6 a factor of 25322644?
False
Does 636 divide 34166445?
False
Is 9377094 a multiple of 1074?
True
Is 59427809 a multiple of 19?
False
Does 13 divide 273995640?
False
Is 889 a factor of 59382533?
True
Is 1030750510 a multiple of 146?
True
Does 232 divide 296030840?
True
Is 1025 a factor of 21049400?
True
Is 123 a factor of 102797865?
True
Is 91770382 a multiple of 41?
True
Is 1589483235 a multiple of 971?
False
Does 104 divide 104891548?
False
Is 3863055 a multiple of 203?
False
Is 50 a factor of 5654803?
False
Is 559575393 a multiple of 13?
True
Does 693 divide 42658778?
False
Does 976 divide 92961724?
False
Is 2016629960 a multiple of 276?
False
Is 680333365 a multiple of 12?
False
Is 837679712 a multiple of 101?
False
Is 6344 a factor of 645587688?
False
Does 4972 divide 211707760?
True
Does 13 divide 134870307?
True
Does 74 divide 45377688?
True
Is 1681678 a multiple of 42?
False
Does 20 divide 40333750?
False
Is 4877 a factor of 3591169196?
True
Is 153 a factor of 799975953?
True
Does 124 divide 1128756483?
False
Is 26 a factor of 15147343?
False
Is 484552785 a multiple of 15?
True
Is 1128 a factor of 8850288?
True
Is 1817326861 a multiple of 25?
False
Is 14 a factor of 11461380?
True
Does 600 divide 30174600?
True
Is 10152870 a multiple of 105?
True
Does 4 divide 33993688?
True
Is 35141260 a multiple of 22?
True
Does 4030 divide 1124904222?
False
Is 2 a factor of 12178105?
False
Does 899 divide 211649438?
False
Does 92 divide 30429028?
False
Does 58 divide 66134738?
False
Is 1325675072 a multiple of 4588?
True
Does 250 divide 86111799?
False
Is 596914911 a multiple of 574?
False
Does 2023 divide 158875445?
False
Is 92 a factor of 1163802467?
False
Is 119 a factor of 1211049680?
False
Is 7404 a factor of 926618004?
True
Does 10 divide 380590?
True
Is 18 a factor of 221582376?
True
Is 8444 a factor of 558895915?
False
Is 102586518 a multiple of 3831?
True
Is 185 a factor of 650433545?
True
Is 6880128 a multiple of 276?
True
Does 1164 divide 51468588?
True
Is 193623965 a multiple of 323?
True
Is 1477 a factor of 95356597?
True
Is 70019856 a multiple of 54?
True
Is 262718203 a multiple of 44?
False
Is 3595 a factor of 324736350?
True
Does 228 divide 17597392?
False
Does 666 divide 307405620?
True
Is 24370458 a multiple of 7?
True
Is 38757420 a multiple of 1755?
True
Is 81 a factor of 66447378?
True
Does 16 divide 87109616?
True
Does 2127 divide 2390678189?
False
Does 1658 divide 610359540?
True
Is 7598 a factor of 902447598?
False
Does 2840 divide 66988896?
False
Does 12 divide 52015219?
False
Is 123 a factor of 56501115?
False
Is 23 a factor of 29889152?
False
Is 6048600 a multiple of 50?
True
Is 65 a factor of 151395595?
True
Is 5583 a factor of 938903104?
False
Is 24 a factor of 1771322636?
False
Is 94 a factor of 18357727?
False
Is 94148329 a multiple of 98?
False
Is 197 a factor of 16211524?
True
Does 349 divide 2508676914?
True
Is 12 a factor of 51995148?
True
Is 68515755 a multiple of 1167?
False
Does 3 divide 306170179?
False
Is 57 a factor of 262169406?
False
Is 33034258 a multiple of 7?
False
Does 15 divide 44542155?
True
Is 335 a factor of 22139480?
True
Does 5 divide 858757844?
False
Does 1961 divide 1437971885?
True
Does 1201 divide 214979?
True
Is 869578 a multiple of 60?
False
Does 5323 divide 226404806?
False
Is 51096619 a multiple of 287?
True
Is 24 a factor of 827832?
True
Is 980 a factor of 21128800?
True
Is 13392295 a multiple of 67?
True
Is 399188620 a multiple of 10?
True
Does 61 divide 55801885?
True
Does 3638 divide 30275436?
True
Is 75745062 a multiple of 6?
True
Does 26 divide 21098064?
True
Does 114 divide 5209458?
True
Is 25 a factor of 156267275?
True
Does 503 divide 111372751?
True
Is 334740382 a multiple of 4013?
True
Is 657 a factor of 81812346?
False
Is 403307799 a multiple of 31?
True
Is 45 a factor of 808758979?
False
Is 5420 a factor of 120502236?
False
Does 123 divide 3461420367?
True
Is 4853365 a multiple of 142?
False
Is 1597420416 a multiple of 62?
False
Is 188593813 a multiple of 197?
True
Is 189 a factor of 9907441?
False
Is 77 a factor of 15088458?
True
Is 297036307 a multiple of 1420?
False
Is 38121882 a multiple of 51?
False
Does 3 divide 206650?
False
Does 27 divide 73035567?
True
Is 166 a factor of 129299890?
True
Is 20532348 a multiple of 831?
True
Is 453 a factor of 684861683?
False
Does 5373 divide 394507152?
True
Does 10 divide 2553758053?
False
Does 118 divide 7282252?
True
Does 30 divide 739821750?
True
Is 29341404 a multiple of 18?
True
Does 1428 divide 770707308?
True
Is 681 a factor of 46962268?
False
Is 5 a factor of 468670903?
False
Is 290931424 a multiple of 370?
False
Is 1729659984 a multiple of 12?
True
Is 48548990 a multiple of 8018?
True
Is 19322370 a multiple of 51?
True
Is 33 a factor of 60097359?
False
Is 5106543 a multiple of 68?
False
Is 5 a factor of 41718336?
False
Is 108 a factor of 1634796939?
False
Is 415384656 a multiple of 42?
False
Does 1431 divide 18694164?
False
Is 466404540 a multiple of 35?
True
Does 158 divide 69141113?
False
Is 497125804 a multiple of 9?
False
Is 23 a factor of 1385504291?
True
Is 3003 a factor of 374477103?
True
Is 269 a factor of 12727653?
False
Is 754152383 a multiple of 3081?
False
Is 1358431305 a multiple of 7?
True
Is 1708 a factor of 198464674?
False
Is 36 a factor of 1355836788?
True
Is 11 a factor of 62131961?
False
Is 6262892346 a multiple of 9619?
False
Is 30 a factor of 24546360?
True
Is 29351916 a multiple of 1188?
True
Is 247 a factor of 302089645?
True
Does 51 divide 575713345?
False
Is 150117856 a multiple of 32?
True
Does 5 divide 18536685?
True
Does 335 divide 49734916?
False
Does 458 divide 193276?
True
Is 106 a factor of 6904840?
True
Does 943 divide 480911140?
True
Is 211384599 a multiple of 2953?
True
Is 585 a factor of 91835055?
True
Is 1483 a factor of 5570716?
False
Is 5091 a factor of 774415186?
False
Is 33 a factor of 1746756?
True
Does 144 divide 336906196?
False
Is 782 a factor of 54530424?
True
Is 1887 a factor of 1643392488?
False
Is 146 a factor of 16900814?
True
Does 49 divide 243070674?
True
Is 56098078 a multiple of 360?
False
Is 1697448555 a multiple of 2805?
True
Is 2636822030 a multiple of 1041?
False
Does 278 divide 1175416526?
True
Is 100 a factor of 35280443?
False
Is 387 a factor of 1179849728?
False
Is 22 a factor of 8589526?
True
Is 153402012 a multiple of 6788?
True
Does 1341 divide 120468735?
True
Is 944096195 a multiple of 233?
True
Does 37 divide 190804104?
False
Is 426337424 a multiple of 16?
True
Does 8095 divide 2094459825?
True
Does 7 divide 3451812?
True
Is 1666 a factor of 6317472?
True
Is 95458062 a multiple of 14?
True
Does